ppose 2*l + j = -2*a - l, k = a - 5*l. What is the units digit of a?
2
Let m(q) be the third derivative of -25*q**4/12 - 3*q**3/2 - 14*q**2. What is the tens digit of m(-2)?
9
Let y(x) be the first derivative of -5*x**2/2 - 11*x + 8. Let r(s) = 5*s + 12. Let a(w) = -4*r(w) - 5*y(w). What is the units digit of a(4)?
7
Suppose 29 = 3*y - 10. Let b(p) = -7*p + 24. Let v(t) = -1. Let g(c) = -b(c) + 5*v(c). What is the units digit of g(y)?
2
Suppose -2676 = -4*f + 4*z - 1040, 818 = 2*f + 5*z. What is the hundreds digit of f?
4
Let l be (2824/(-12))/(-3*6/(-27)). Let t = -185 - l. What is the hundreds digit of t?
1
What is the tens digit of 194 + 8/((-40)/(-35))?
0
Let x be 790/4*4 + (-4)/4. What is the units digit of x/21*1 - (-15)/35?
8
Let t = -16 - -21. Let r(q) = 20*q + 2 + 0 - t. What is the tens digit of r(3)?
5
Let o(z) be the second derivative of z**5/20 + 7*z**4/12 - 2*z**3/3 + 6*z**2 - 14*z. What is the tens digit of o(-5)?
8
Suppose 2*a = 2*l + 5*a - 1141, -3*l + a = -1717. What is the tens digit of l?
7
What is the units digit of (0 - -165)/(1/(2/2))?
5
Suppose 2*g - b + 115 = 308, 4*b = 5*g - 478. Suppose -2*s + g = o, 3*s = -0*s - 4*o + 157. What is the units digit of s?
7
Let q(y) = 11*y**2 - 20*y - 1. What is the units digit of q(14)?
5
Let a = -21 + 21. Let l be (a - -3) + -2 - -1. Suppose -3*n + 72 = 5*q, n + 0 = -l*q + 24. What is the units digit of n?
4
Let q(p) be the second derivative of -9*p**3/2 - 7*p**2/2 - 8*p. Let t be q(-5). Suppose 5*j - t = j. What is the tens digit of j?
3
Suppose 5*z - 2036 = -3*f + 853, 4*z - 2*f - 2298 = 0. Let g = -403 + z. What is the hundreds digit of g?
1
Let x(i) = i**3 - 10*i**2 + 3*i + 16. Let j be (0 + -10)*(-4 + 6 + -3). What is the tens digit of x(j)?
4
Suppose -26*o + 31*o - 43 = -2*u, o + 73 = 2*u. What is the units digit of u?
4
Let d = -510 + 519. What is the units digit of d?
9
Let g(i) = 41*i**3 - i. Let u be g(1). What is the tens digit of u/100 - (-278)/5?
5
Suppose -5*c + 25 = 0, 92 = l - 4*c + c. What is the hundreds digit of (10 + -9)*(-2 - 0) + l?
1
Suppose 218 + 22 = 4*w. Suppose 0*z + z = w. Suppose -6*n = p - 4*n - z, 51 = p - n. What is the units digit of p?
4
Let y = 80 - -77. Suppose -b + 0*b + 3*o + 47 = 0, -o - y = -3*b. What is the tens digit of b?
5
Let g(u) = u - 1. Let z = -10 - -10. Let w be g(z). What is the tens digit of 31 - (0/3)/w?
3
Let a = -40 - -59. Suppose -c + a = 4*d, 2*d = 2*c - 23 - 15. What is the units digit of c?
9
Let i be ((-2)/(-6))/((-1)/(-273)). Let q be 2/13 - (-259)/i. Suppose q*s - 5*u = 90, s + u = 4*s - 102. What is the units digit of s?
5
Let c(n) = 6 + 0*n + n**2 + 2*n + 4*n. Let w be c(-4). Let x = w + 13. What is the tens digit of x?
1
Suppose -4*n + 0*n + 16 = 0. Suppose -n*j = j - 115. Suppose j = 6*x - 5*x. What is the tens digit of x?
2
Suppose 4*v - 20 = 0, 2*i - 2*v = -3*i + 185. Let b = i + -24. What is the tens digit of b?
1
Suppose -2481 = -7*t + 11449. What is the thousands digit of t?
1
Let u be 3/6 + 9/2. Let n = -104 - -109. Suppose n*s - 75 = -u*r, 2*s - r - 35 = -2*r. What is the tens digit of s?
2
Let m = -54 + 104. Suppose 2*h - 5 - 1 = 0. Suppose h*l + 14 - m = 0. What is the tens digit of l?
1
Let d(l) = 7*l**3 + 2*l**2 - 2*l + 6. Let t be d(8). What is the tens digit of 176/36 - 5 - t/(-27)?
3
Let w be 4/5*(-3450)/92. Let h(z) = -z**3 + 2*z**2 - 3*z + 1. Let d be h(2). Let x = d - w. What is the units digit of x?
5
Suppose 1070 = 5*k + 4*o, -47 = 4*k + 3*o - 903. What is the units digit of k?
4
Suppose -5*r = h - 1722, -5*r = -2*h - 2*h - 1712. What is the tens digit of r?
4
Let r be 6350/70 + 4/14. Let q = -20 + r. What is the tens digit of q?
7
Let g(u) = -u**2 + 6*u + 5. Let i be g(-2). Let k = 15 + i. Suppose -2*x + k*x = -d + 37, 3*x + 32 = d. What is the units digit of d?
5
Suppose -48*a + 43*a + 1880 = 0. What is the tens digit of a?
7
Let j(b) = 31*b + 1. Let a be j(3). Let i = 338 - 338. Suppose -d + a = d - 3*k, 5*d + 3*k - 193 = i. What is the tens digit of d?
4
Suppose -28*v + 34*v - 1398 = 0. What is the hundreds digit of v?
2
Let z(n) = n**2 + 3*n - 1. Let a be z(-2). Suppose -2*v = -66 + 106. What is the units digit of (v/3 - 2)*a?
6
Let n(g) = -4*g - 1. Let w = -13 + 12. What is the units digit of n(w)?
3
Suppose -6 = 3*f, 2*s = 7*s - 3*f - 21. Suppose 0*d - s*d + 12 = 0. Suppose -4*j - 2*i + 100 = 0, 2*j + 44 = d*j - 2*i. What is the units digit of j?
4
Suppose -2*j - 262 = -3*v, j + 444 = 5*v + 5*j. Suppose 0 = 2*g - v - 80. What is the units digit of g?
4
Let y(b) = 28*b**3 - 4*b**2 + 8*b. Let w be y(4). Let d be (-4)/14 - w/(-35). Let o = d - 13. What is the tens digit of o?
3
Let u(x) = -2 - 2 + 8*x - 3 - 8. Suppose -19 = 2*w - 35. What is the tens digit of u(w)?
4
Suppose -13*s = -17*s + 2088. What is the tens digit of s?
2
Let w(h) = -h**3 + h**2 - 10*h - 11. Let k(b) = b**3 + 5*b + 6. Let f(z) = 5*k(z) + 3*w(z). Let v be f(-3). What is the units digit of (-3 + v/(-9))*-3?
4
What is the units digit of 4*-125*(135/(-25) - 0)?
0
What is the units digit of (-251)/((6 + 6)/(-84))?
7
Let c(u) = 8*u**2 + 12*u - 5. Let p be c(11). Suppose -5*b - j + p = 2*j, -2*j = 5*b - 1090. What is the units digit of b?
6
Suppose 2*k = 7*k - 40. Suppose -3*q - k = -4*c, 5*q + 22 = -3*c - 1. Let a = c - -18. What is the tens digit of a?
1
Suppose 4*n = 4*i + 60, -18 = 2*i + 3*n - 2*n. Let f = 20 + i. What is the units digit of f?
9
Let n be ((-54)/(-24)*2)/((-3)/(-32)). What is the units digit of ((-828)/n)/(3/(-16))?
2
Let p = 1199 + -177. What is the units digit of p?
2
Let r(n) = 53*n**2 - 19*n + 117. What is the hundreds digit of r(6)?
9
Let b be -2*(-3 - (3 - 4)). Let f = b + 73. What is the units digit of f?
7
Let s be 5 + -4 - 0/(-2). Let i(m) be the second derivative of 7*m**5/10 - m**4/12 + m**3/3 - m**2/2 + 2*m. What is the units digit of i(s)?
4
Let x = -1674 + 2627. Suppose -5*b - 2*v = -1640, -5*v = -3*b - 0*b + x. What is the units digit of b?
6
Let z(n) = -6*n - 21. Let a be z(-4). Suppose -12 = 3*y, -3*y = -5*h + a*h + 158. What is the units digit of h?
3
Suppose -a + 3*j = 36 - 5, -4*a + 4*j - 108 = 0. Let u = 48 + a. Suppose -c = -3*s - u, -c - 74 = -4*c + 4*s. What is the tens digit of c?
2
Let h(f) = 30*f + 5. Let x be (-2)/(-4)*1*-4. Let b be h(x). Let m = 116 + b. What is the units digit of m?
1
Let n(v) = 28*v + 5. Let r be n(3). Suppose 0 = -2*u - 7 + r. What is the tens digit of u?
4
Let q(l) be the third derivative of l**5/20 - l**3/6 + 15*l**2. What is the tens digit of q(2)?
1
Let q be 30/25*10/3. Suppose -q*o + 68 = -36. Let n = 31 - o. What is the units digit of n?
5
Suppose 8*u = 4*u + 40. Suppose 4*n = 16, -4*n + 363 = -2*m - 31. What is the tens digit of m/18*u/(-3)?
3
Let d(x) be the third derivative of -x**6/60 + x**4/8 + x**3/6 - x**2. Let t(w) = 3*w + 13. Let u be t(-5). What is the units digit of d(u)?
1
Suppose -4*j - o - 2*o - 284 = 0, -20 = 5*o. Let c = j - -189. Suppose 3*y + 37 = c. What is the tens digit of y?
2
Suppose 5*k + 0*k = -345. Suppose 49*z = 39*z - 270. Let y = z - k. What is the tens digit of y?
4
What is the tens digit of (-245)/15 - -17 - 21902/(-6)?
5
Let v = -49 + 52. Suppose -36 = -4*w - 2*b, -3*w = 5*b - 59 + 18. Suppose -3*c + 48 = -v*p, -2*c + 34 = -5*p - w. What is the units digit of c?
3
Suppose 61*o = 73*o - 72768. What is the units digit of o?
4
Let m be 6/27 + (-2120)/(-18). Let v = -59 + m. Let g = -22 + v. What is the units digit of g?
7
Let t be (6/(-8) - 0)/(15/(-40)). Suppose t*q = 15*q - 494. What is the tens digit of q?
3
Let o = 662 - 379. What is the hundreds digit of o?
2
Suppose 29*y = 32122 - 7182. What is the hundreds digit of y?
8
Suppose -21*p + 3823 + 12242 = 0. What is the tens digit of p?
6
Suppose j + 10 - 15 = 2*c, c + 34 = 4*j. Suppose 2*p - 109 = -19. Suppose 4*b = -j + p. What is the units digit of b?
9
Let s(t) = t**2 + 10*t - 10. Let n = 31 + -48. What is the tens digit of s(n)?
0
Suppose k - 3 = 43. Let u = 28 - 25. What is the tens digit of k/(-2)*u/(-3)?
2
Let a(c) = -c**2 - 7*c + 20. Let g be a(-10). What is the tens digit of (g/(-6) - 2)/((-6)/234)?
1
Suppose -9 = c - 3*c - k, -15 = -5*c - k. Suppose -96 = -c*r + 6*r. What is the units digit of ((-122)/4)/(r/48)?
1
Suppose -j - 17938 = 56*g - 61*g, 4*g = j + 143